composite number?
False
Is 2290742057 composite?
False
Is 1185703189609 prime?
True
Is 1570451833 prime?
True
Is 3398298443 prime?
False
Is 9561692021 prime?
False
Is 46944703031 a prime number?
True
Is 3956813747 a composite number?
False
Is 1125860921 prime?
False
Is 6950397659 prime?
True
Is 560484941 composite?
True
Is 122372525361 a composite number?
True
Is 41103088207 composite?
True
Is 25701481291 a prime number?
True
Is 1268944591 a prime number?
False
Is 7135617677 composite?
True
Is 376326163 a composite number?
False
Is 40712943107 prime?
False
Is 1487189083 prime?
True
Is 5787217253 composite?
False
Is 456416787 a prime number?
False
Is 1603351111 a prime number?
True
Is 12350681009 a composite number?
True
Is 5731867243 composite?
False
Is 4178928583 a composite number?
True
Is 6459216037 composite?
True
Is 63339307 a composite number?
True
Is 46765807463 a prime number?
False
Is 788861119 composite?
False
Is 195611489 a composite number?
True
Is 2213301061 prime?
False
Is 608374309 prime?
True
Is 46635959677 prime?
True
Is 444940440017 prime?
True
Is 2660559367 a composite number?
False
Is 349989637 prime?
True
Is 3034268957 prime?
True
Is 18606620729 prime?
True
Is 2938450241 prime?
True
Is 907831151 a prime number?
False
Is 22648113149 a prime number?
True
Is 1985590097 composite?
True
Is 1718683729 a composite number?
True
Is 276405692669 a composite number?
False
Is 8797452607 a composite number?
False
Is 150374666713 prime?
True
Is 1130226203 composite?
True
Is 2551433771 prime?
True
Is 195666209 a prime number?
False
Is 2796733 prime?
False
Is 15050633659 a composite number?
True
Is 2246749361 prime?
False
Is 614453999 a composite number?
False
Is 36234760301 a composite number?
False
Is 1295360111 a prime number?
False
Is 2173383007 prime?
True
Is 336679957 composite?
True
Is 439514641 a composite number?
True
Is 210093077 a composite number?
True
Is 3299240823 composite?
True
Is 73218059 prime?
True
Is 39507202219 composite?
True
Is 765608279 prime?
True
Is 2416482977 composite?
False
Is 14461554823 a composite number?
True
Is 1978733851 a composite number?
True
Is 279290566 a prime number?
False
Is 87620082157 composite?
True
Is 11308788409 a composite number?
True
Is 2973501421 a prime number?
False
Is 28597865277 prime?
False
Is 590311543 composite?
False
Is 5862358907 prime?
False
Is 69695300855 a prime number?
False
Is 58377273139 composite?
False
Is 129611333 a prime number?
False
Is 71403994049 a composite number?
True
Is 114141780811 composite?
False
Is 2367785473 prime?
True
Is 304193107 composite?
False
Is 23869435 prime?
False
Is 2199425901 a composite number?
True
Is 166094068271 prime?
True
Is 598983713 composite?
True
Is 53268106813 composite?
True
Is 116082079 prime?
False
Is 244412120069 prime?
False
Is 32661949714 a composite number?
True
Is 806377207 a composite number?
False
Is 3694213961 a composite number?
False
Is 10542445027 a composite number?
True
Is 648169571 a prime number?
False
Is 25784432437 a prime number?
True
Is 28491283 a composite number?
False
Is 2175234123 composite?
True
Is 55068914773 composite?
True
Is 735012077 prime?
False
Is 5232781423 prime?
True
Is 161336173 prime?
True
Is 33243107 a prime number?
False
Is 7655891261 composite?
False
Is 71281127923 a composite number?
True
Is 852002581 composite?
False
Is 16611030427 prime?
False
Is 26791311991 a composite number?
False
Is 466334741 a composite number?
False
Is 69013534621 a prime number?
False
Is 2325041815 a prime number?
False
Is 38079106321 a prime number?
True
Is 8770201169 prime?
True
Is 558575671 composite?
False
Is 24312068797 composite?
True
Is 182540009991 prime?
False
Is 34229803 composite?
False
Is 926132183 a composite number?
False
Is 192486164287 a composite number?
True
Is 14956707281 a prime number?
True
Is 64600969549 composite?
False
Is 4098116461 prime?
False
Is 66625420079 a composite number?
False
Is 155703949591 composite?
False
Is 20540423749 a prime number?
False
Is 314552517 prime?
False
Is 82829957 a prime number?
False
Is 10379503177 prime?
True
Is 26881339153 prime?
True
Is 139015329953 composite?
False
Is 1138623313 composite?
False
Is 149682089 a composite number?
True
Is 5177279497 composite?
True
Is 4098017309 composite?
True
Is 16385142391 prime?
True
Is 194711507 prime?
True
Is 3242945369 a composite number?
True
Is 4516169327 a prime number?
True
Is 2283438389 a prime number?
False
Is 1984631807 a prime number?
False
Is 1529282371 prime?
True
Is 42922428293 a prime number?
True
Is 929079454 prime?
False
Is 1404901587 a composite number?
True
Is 1995212459 a prime number?
False
Is 9843326287 a composite number?
False
Is 12957529709 prime?
True
Is 186249050131 prime?
False
Is 196167496009 a composite number?
True
Is 32006599 a composite number?
False
Is 5618547749 a composite number?
False
Is 458307563 prime?
False
Is 733339687 a prime number?
False
Is 3181601173 a prime number?
True
Is 498122893 a prime number?
False
Is 35984294 a composite number?
True
Is 5183276039 a prime number?
True
Is 6292177039 prime?
True
Is 1120745377 prime?
True
Is 2935207427 prime?
False
Is 2791320349 a composite number?
True
Is 115357034699 composite?
True
Is 7447563803 a composite number?
True
Is 118011013 prime?
False
Is 12138423029 a composite number?
True
Is 1111804327 a prime number?
True
Is 9329735533 a composite number?
False
Is 3097047077 composite?
False
Is 21960108323 prime?
False
Is 1474342081 composite?
False
Is 295493812163 a prime number?
False
Is 414859331 a composite number?
False
Is 6235396327 a prime number?
False
Is 58203689357 a prime number?
False
Is 4176919 a composite number?
False
Is 4773432907 prime?
False
Is 17509019911 a composite number?
False
Is 575457793 prime?
True
Is 1486260305 prime?
False
Is 97911715669 a prime number?
True
Is 104858894873 a prime number?
True
Is 11082634601 a prime number?
False
Is 53616564173 a prime number?
False
Is 705032803 a prime number?
True
Is 261577196083 composite?
True
Is 1588292297 a prime number?
True
Is 3998409901 a composite number?
True
Is 692856739 composite?
False
Is 1550504783 composite?
False
Is 13334615843 prime?
True
Is 189961309 a composite number?
False
Is 2675160395 composite?
True
Is 16396653437 prime?
True
Is 18057528371 a prime number?
True
Is 349696327 composite?
False
Is 16258445263 composite?
True
Is 240089953 prime?
False
Is 2228150261 prime?
False
Is 38490156503 a composite number?
False
Is 2174943401 a composite number?
False
Is 459972373 prime?
False
Is 542621941 composite?
False
Is 23196614083 a prime number?
True
Is 2865453697 prime?
True
Is 2524306219 a prime number?
True
Is 189896992273 a composite number?
False
Is 1613904053 prime?
False
Is 3256710113 a prime number?
False
Is 5170356563 composite?
True
Is 3582638023 prime?
True
Is 1056101639 a composite number?
True
Is 314593201 a prime number?
False
Is 7224424901 a prime number?
False
Is 64475516537 a prime number?
True
Is 1039209197 a composite number?
True
Is 14812292981 composite?
True
Is 69919452829 prime?
True
Is 18045671557 a composite number?
True
Is 6342051005 a composite number?
True
Is 357933019 composite?
False
Is 6985001591 prime?
True
Is 11061721043 a prime number?
False
Is 3572703103 a prime number?
True
Is 1939742639 prime?
False
Is 811401319 a composite number?
False
Is 234863813 prime?
False
Is 13727424257 a composite number?
False
Is 9568771349 composite?
False
Is 6328890047 a composite number?
True
Is 1697676833 prime?
False
Is 651924277 a composite number?
False
Is 6524230009 prime?
False
Is 32716597 composite?
True
Is 1165187717 a composite number?
False
Is 66404784007 composite?
False
Is 1463904991 prime?
False
Is 1034677373 prime?
False
Is 229719807917 prime?
True
Is 143805099661 a composite number?
False
Is 32320551551 a prime number?
True
Is 104424275081 a composite number?
True
Is 488561845 composite?
True
Is 102801688147 composite?
True
Is 1009027429 a composite number?
True
Is 1339903937 a prime number?
False
Is 10602700021 prime?
True
Is 67078203277 a prime number?
True
Is 15899154099 a prime number?
False
Is 31255723 a composite number?
False
Is 495911887 a prime number?
True
Is 133717406741 prime?
False
Is 2530760387 prime?
False
Is 1255